{"id":49,"date":"2023-08-30T19:04:18","date_gmt":"2023-08-30T17:04:18","guid":{"rendered":"https:\/\/lecourtil.ovh\/?page_id=49"},"modified":"2025-10-27T14:59:03","modified_gmt":"2025-10-27T13:59:03","slug":"petit-dejeuner-et-diner","status":"publish","type":"page","link":"https:\/\/lecourtil.ovh\/index.php\/petit-dejeuner-et-diner\/","title":{"rendered":"PETIT DEJEUNER et DINER"},"content":{"rendered":"\n<h2 class=\"wp-block-heading\">Petit d\u00e9jeuner<\/h2>\n\n\n\n<p><strong>Le petit d\u00e9jeuner avec boisson chaude, miel de Savoie, confitures maison, pain, viennoiserie ou&nbsp;p\u00e2tisserie, jus d&rsquo;orange, fruits, yaourts est servi dans la salle \u00e0 manger ou en terrasse en saison.<\/strong><\/p>\n\n\n\n<p><strong>Avec suppl\u00e9ment(5\u20ac\/pers) et sur r\u00e9servation&nbsp;: charcuterie, fromage,&nbsp;<\/strong><strong>\u0153uf<\/strong><\/p>\n\n\n\n<div class=\"wp-block-columns is-layout-flex wp-container-core-columns-is-layout-28f84493 wp-block-columns-is-layout-flex\">\n<div class=\"wp-block-column is-layout-flow wp-block-column-is-layout-flow\">\n<figure class=\"wp-block-image size-large\"><img loading=\"lazy\" decoding=\"async\" width=\"1024\" height=\"768\" src=\"https:\/\/lecourtil.ovh\/wp-content\/uploads\/2023\/08\/07bff1b0edacad0870b5791ae520e545-1024x768.jpg\" alt=\"\" class=\"wp-image-50\" srcset=\"https:\/\/lecourtil.ovh\/wp-content\/uploads\/2023\/08\/07bff1b0edacad0870b5791ae520e545-1024x768.jpg 1024w, https:\/\/lecourtil.ovh\/wp-content\/uploads\/2023\/08\/07bff1b0edacad0870b5791ae520e545-300x225.jpg 300w, https:\/\/lecourtil.ovh\/wp-content\/uploads\/2023\/08\/07bff1b0edacad0870b5791ae520e545-768x576.jpg 768w, https:\/\/lecourtil.ovh\/wp-content\/uploads\/2023\/08\/07bff1b0edacad0870b5791ae520e545-1536x1152.jpg 1536w, https:\/\/lecourtil.ovh\/wp-content\/uploads\/2023\/08\/07bff1b0edacad0870b5791ae520e545.jpg 1900w\" sizes=\"auto, (max-width: 1024px) 100vw, 1024px\" \/><\/figure>\n<\/div>\n\n\n\n<div class=\"wp-block-column is-layout-flow wp-block-column-is-layout-flow\">\n<figure class=\"wp-block-image size-large\"><img loading=\"lazy\" decoding=\"async\" width=\"1024\" height=\"768\" src=\"https:\/\/lecourtil.ovh\/wp-content\/uploads\/2023\/08\/32edec55ee18a725ecc406028c8fe614-1024x768.jpg\" alt=\"\" class=\"wp-image-51\" srcset=\"https:\/\/lecourtil.ovh\/wp-content\/uploads\/2023\/08\/32edec55ee18a725ecc406028c8fe614-1024x768.jpg 1024w, https:\/\/lecourtil.ovh\/wp-content\/uploads\/2023\/08\/32edec55ee18a725ecc406028c8fe614-300x225.jpg 300w, https:\/\/lecourtil.ovh\/wp-content\/uploads\/2023\/08\/32edec55ee18a725ecc406028c8fe614-768x576.jpg 768w, https:\/\/lecourtil.ovh\/wp-content\/uploads\/2023\/08\/32edec55ee18a725ecc406028c8fe614-1536x1152.jpg 1536w, https:\/\/lecourtil.ovh\/wp-content\/uploads\/2023\/08\/32edec55ee18a725ecc406028c8fe614.jpg 1900w\" sizes=\"auto, (max-width: 1024px) 100vw, 1024px\" \/><\/figure>\n<\/div>\n<\/div>\n\n\n\n<h2 class=\"wp-block-heading\">Table d&rsquo;h\u00f4tes sur r\u00e9servation<\/h2>\n\n\n\n<p><strong>Ap\u00e9ritif, entr\u00e9e-plat-fromage ou sp\u00e9cialit\u00e9,&nbsp;dessert, vin et caf\u00e9. <\/strong><\/p>\n\n\n\n<p><strong>Cuisine maison avec des produits locaux et des l\u00e9gumes du jardin <\/strong><\/p>\n\n\n\n<figure class=\"wp-block-table\"><table><tbody><tr><td><strong>Adulte<\/strong><\/td><td><strong>27 \u20ac<\/strong><\/td><\/tr><tr><td><strong>Adolescent<\/strong><\/td><td><strong>18 \u20ac<\/strong><\/td><\/tr><tr><td><strong>Enfant de moins de 8 ans<\/strong><\/td><td><strong>10 \u20ac<\/strong><\/td><\/tr><\/tbody><\/table><\/figure>\n\n\n\n<div class=\"wp-block-columns is-layout-flex wp-container-core-columns-is-layout-28f84493 wp-block-columns-is-layout-flex\">\n<div class=\"wp-block-column is-vertically-aligned-center is-layout-flow wp-block-column-is-layout-flow\">\n<figure class=\"wp-block-image size-large is-resized\"><img loading=\"lazy\" decoding=\"async\" width=\"768\" height=\"1024\" src=\"https:\/\/lecourtil.ovh\/wp-content\/uploads\/2023\/08\/IMG20230310185746-768x1024.jpg\" alt=\"\" class=\"wp-image-54\" style=\"width:203px;height:271px\" srcset=\"https:\/\/lecourtil.ovh\/wp-content\/uploads\/2023\/08\/IMG20230310185746-768x1024.jpg 768w, https:\/\/lecourtil.ovh\/wp-content\/uploads\/2023\/08\/IMG20230310185746-225x300.jpg 225w, https:\/\/lecourtil.ovh\/wp-content\/uploads\/2023\/08\/IMG20230310185746-1152x1536.jpg 1152w, https:\/\/lecourtil.ovh\/wp-content\/uploads\/2023\/08\/IMG20230310185746-1536x2048.jpg 1536w, https:\/\/lecourtil.ovh\/wp-content\/uploads\/2023\/08\/IMG20230310185746-scaled.jpg 1920w\" sizes=\"auto, (max-width: 768px) 100vw, 768px\" \/><\/figure>\n<\/div>\n\n\n\n<div class=\"wp-block-column is-vertically-aligned-center is-layout-flow wp-block-column-is-layout-flow\">\n<figure class=\"wp-block-image size-large\"><img loading=\"lazy\" decoding=\"async\" width=\"768\" height=\"1024\" src=\"https:\/\/lecourtil.ovh\/wp-content\/uploads\/2023\/08\/IMG20230311124256-768x1024.jpg\" alt=\"\" class=\"wp-image-55\" srcset=\"https:\/\/lecourtil.ovh\/wp-content\/uploads\/2023\/08\/IMG20230311124256-768x1024.jpg 768w, https:\/\/lecourtil.ovh\/wp-content\/uploads\/2023\/08\/IMG20230311124256-225x300.jpg 225w, https:\/\/lecourtil.ovh\/wp-content\/uploads\/2023\/08\/IMG20230311124256-1152x1536.jpg 1152w, https:\/\/lecourtil.ovh\/wp-content\/uploads\/2023\/08\/IMG20230311124256-1536x2048.jpg 1536w, https:\/\/lecourtil.ovh\/wp-content\/uploads\/2023\/08\/IMG20230311124256-scaled.jpg 1920w\" sizes=\"auto, (max-width: 768px) 100vw, 768px\" \/><\/figure>\n<\/div>\n\n\n\n<div class=\"wp-block-column is-layout-flow wp-block-column-is-layout-flow\">\n<figure class=\"wp-block-image size-full\"><img loading=\"lazy\" decoding=\"async\" width=\"510\" height=\"907\" src=\"https:\/\/lecourtil.ovh\/wp-content\/uploads\/2023\/08\/brochette.jpg\" alt=\"\" class=\"wp-image-53\" srcset=\"https:\/\/lecourtil.ovh\/wp-content\/uploads\/2023\/08\/brochette.jpg 510w, https:\/\/lecourtil.ovh\/wp-content\/uploads\/2023\/08\/brochette-169x300.jpg 169w\" sizes=\"auto, (max-width: 510px) 100vw, 510px\" \/><\/figure>\n<\/div>\n<\/div>\n\n\n\n<div class=\"wp-block-columns is-layout-flex wp-container-core-columns-is-layout-28f84493 wp-block-columns-is-layout-flex\">\n<div class=\"wp-block-column is-layout-flow wp-block-column-is-layout-flow\">\n<figure class=\"wp-block-image size-full\"><img loading=\"lazy\" decoding=\"async\" width=\"808\" height=\"606\" src=\"https:\/\/lecourtil.ovh\/wp-content\/uploads\/2023\/08\/IMG20230825183652.jpg\" alt=\"\" class=\"wp-image-270\" srcset=\"https:\/\/lecourtil.ovh\/wp-content\/uploads\/2023\/08\/IMG20230825183652.jpg 808w, https:\/\/lecourtil.ovh\/wp-content\/uploads\/2023\/08\/IMG20230825183652-300x225.jpg 300w, https:\/\/lecourtil.ovh\/wp-content\/uploads\/2023\/08\/IMG20230825183652-768x576.jpg 768w\" sizes=\"auto, (max-width: 808px) 100vw, 808px\" \/><\/figure>\n<\/div>\n\n\n\n<div class=\"wp-block-column is-layout-flow wp-block-column-is-layout-flow\">\n<figure class=\"wp-block-image aligncenter size-large is-resized\"><img loading=\"lazy\" decoding=\"async\" width=\"768\" height=\"1024\" src=\"https:\/\/lecourtil.ovh\/wp-content\/uploads\/2023\/08\/IMG_20170909_215737-768x1024.jpg\" alt=\"\" class=\"wp-image-269\" style=\"width:203px;height:270px\" srcset=\"https:\/\/lecourtil.ovh\/wp-content\/uploads\/2023\/08\/IMG_20170909_215737-768x1024.jpg 768w, https:\/\/lecourtil.ovh\/wp-content\/uploads\/2023\/08\/IMG_20170909_215737-225x300.jpg 225w, https:\/\/lecourtil.ovh\/wp-content\/uploads\/2023\/08\/IMG_20170909_215737-1152x1536.jpg 1152w, https:\/\/lecourtil.ovh\/wp-content\/uploads\/2023\/08\/IMG_20170909_215737-1536x2048.jpg 1536w, https:\/\/lecourtil.ovh\/wp-content\/uploads\/2023\/08\/IMG_20170909_215737-scaled.jpg 1920w\" sizes=\"auto, (max-width: 768px) 100vw, 768px\" \/><\/figure>\n<\/div>\n\n\n\n<div class=\"wp-block-column is-layout-flow wp-block-column-is-layout-flow\">\n<figure class=\"wp-block-image size-large\"><img loading=\"lazy\" decoding=\"async\" width=\"768\" height=\"1024\" src=\"https:\/\/lecourtil.ovh\/wp-content\/uploads\/2023\/08\/fondue-768x1024.jpg\" alt=\"\" class=\"wp-image-56\" srcset=\"https:\/\/lecourtil.ovh\/wp-content\/uploads\/2023\/08\/fondue-768x1024.jpg 768w, https:\/\/lecourtil.ovh\/wp-content\/uploads\/2023\/08\/fondue-225x300.jpg 225w, https:\/\/lecourtil.ovh\/wp-content\/uploads\/2023\/08\/fondue-1152x1536.jpg 1152w, https:\/\/lecourtil.ovh\/wp-content\/uploads\/2023\/08\/fondue-rotated.jpg 1224w\" sizes=\"auto, (max-width: 768px) 100vw, 768px\" \/><\/figure>\n<\/div>\n<\/div>\n","protected":false},"excerpt":{"rendered":"<p>Petit d\u00e9jeuner Le petit d\u00e9jeuner avec boisson chaude, miel de Savoie, confitures maison, pain, viennoiserie ou&nbsp;p\u00e2tisserie, jus d&rsquo;orange, fruits, yaourts est servi dans la salle \u00e0 manger ou en terrasse en saison. Avec suppl\u00e9ment(5\u20ac\/pers) et sur r\u00e9servation&nbsp;: charcuterie, fromage,&nbsp;\u0153uf Table d&rsquo;h\u00f4tes sur r\u00e9servation Ap\u00e9ritif, entr\u00e9e-plat-fromage ou sp\u00e9cialit\u00e9,&nbsp;dessert, vin et caf\u00e9. Cuisine maison avec des produits [&hellip;]<\/p>\n","protected":false},"author":1,"featured_media":0,"parent":0,"menu_order":0,"comment_status":"closed","ping_status":"closed","template":"","meta":{"footnotes":""},"class_list":["post-49","page","type-page","status-publish","hentry"],"_links":{"self":[{"href":"https:\/\/lecourtil.ovh\/index.php\/wp-json\/wp\/v2\/pages\/49","targetHints":{"allow":["GET"]}}],"collection":[{"href":"https:\/\/lecourtil.ovh\/index.php\/wp-json\/wp\/v2\/pages"}],"about":[{"href":"https:\/\/lecourtil.ovh\/index.php\/wp-json\/wp\/v2\/types\/page"}],"author":[{"embeddable":true,"href":"https:\/\/lecourtil.ovh\/index.php\/wp-json\/wp\/v2\/users\/1"}],"replies":[{"embeddable":true,"href":"https:\/\/lecourtil.ovh\/index.php\/wp-json\/wp\/v2\/comments?post=49"}],"version-history":[{"count":6,"href":"https:\/\/lecourtil.ovh\/index.php\/wp-json\/wp\/v2\/pages\/49\/revisions"}],"predecessor-version":[{"id":301,"href":"https:\/\/lecourtil.ovh\/index.php\/wp-json\/wp\/v2\/pages\/49\/revisions\/301"}],"wp:attachment":[{"href":"https:\/\/lecourtil.ovh\/index.php\/wp-json\/wp\/v2\/media?parent=49"}],"curies":[{"name":"wp","href":"https:\/\/api.w.org\/{rel}","templated":true}]}}